 be s(9). Calculate the greatest common divisor of 216 and d.
24
Let a be (-24)/(-2 + (-320)/(-165)). Suppose u = -3*u + a. Calculate the greatest common factor of 33 and u.
33
Suppose 6*c - 10*c = r - 56, c = 3*r - 142. What is the greatest common divisor of 912 and r?
48
Let m(o) = o**3 + 4. Suppose 5*q = -q. Let v be m(q). What is the highest common factor of v and 40?
4
Let t(d) = d**3 - 8*d**2 + 10*d - 10. Let g be t(7). Suppose -g*s = -8*s - 39. What is the greatest common factor of s and 65?
13
Let t = -96 - -173. Suppose 10*r - 3191 = -9*r - 2982. Calculate the greatest common factor of r and t.
11
Let x(w) = -w**3 + w**2 + 1. Let m be 1/1 - 0/1. Let t be x(m). Suppose -18 = -2*j - 4*j. What is the greatest common factor of j and t?
1
Let o = 520 - 358. Suppose 5*z = -5 - 0, -18 = 4*q + 2*z. Let k(d) = -d**3 - 3*d**2 - 7*d - 26. Let w be k(q). Calculate the highest common divisor of o and w.
18
Let r(v) = -v**2 + 50*v - 50. Let x be r(20). What is the highest common factor of 22 and x?
22
Let g = 5 - 5. Suppose -7*x - 2*c + 165 = -2*x, 2*x - 4*c - 66 = g. Let y be 6 + (5/10)/(1/(-6)). Calculate the highest common divisor of y and x.
3
Let x = 1594 - 795. What is the greatest common factor of x and 17?
17
Let g(v) = -v + 8. Let y be g(2). Suppose 0*m + 3*m - 78 = 0. Suppose m = s - y. Calculate the greatest common divisor of 48 and s.
16
Let k(c) = 41*c + 3. Let z be k(2). Suppose z = s + 4*s. Calculate the highest common divisor of s and 34.
17
Suppose 2*u = -4, d - 4*u - 71 = 37. Let a = d - 44. What is the greatest common divisor of 24 and a?
8
Suppose -x - 5*l = -17 - 21, -5*l + 152 = 4*x. Let z = 64 - x. Let f be ((-13)/(-2))/(2/12). What is the greatest common factor of f and z?
13
Let n be 2/15 - 202804/(-420). What is the highest common factor of n and 14?
7
Suppose -36 = -11*z + 7*z. Suppose -6*j - 270 = -z*j. Suppose -s + 11 = -5*x + 1, 0 = -4*s - 3*x + 40. Calculate the highest common factor of s and j.
10
Let c be 33/(-4) + (-1)/(-4). Let z(b) = -4*b + 2*b + 3 + b. Let i be z(c). What is the greatest common factor of i and 22?
11
Suppose 0 = 37*f - 41*f + 240. Calculate the highest common divisor of f and 108.
12
Let k be (1 - 1) + 5 + 1. Let w(p) = 19*p - p**2 + 27*p + 7 - 41*p. Let g be w(k). Calculate the greatest common divisor of g and 7.
1
Let j = -198 - -237. What is the highest common factor of 273 and j?
39
Let y = 206 - -10. What is the greatest common divisor of y and 48?
24
Let y(o) = -o - 18. Let z be y(-14). Let b be -2*(16/z + -1). Suppose -4*n = 4*d - 72, 0 = -2*n + 2*d + 6 + 38. What is the highest common divisor of n and b?
10
Let y be (-53)/11 + (-6)/33. Let h(j) = -j**2 - 7*j - 4. Let s be h(y). Let p be 39/s - 2/4. What is the greatest common factor of 66 and p?
6
Suppose -2 = -3*c + 1, 0 = 2*l - 3*c - 109. Suppose -3*t + l = -0*g - g, 2*g = -5*t + 97. What is the greatest common divisor of 152 and t?
19
Let n be 1*6*(-3)/(-9). Let s be (1 + 1)*17/n. Let j = -161 + 297. Calculate the greatest common factor of j and s.
17
Let n(t) = 2*t**2 - 14*t - 3. Let s be n(7). Let r be (65/(-10))/(s/6). Calculate the highest common factor of 13 and r.
13
Let x(n) = n**2 + 2*n - 8. Let h be x(3). Suppose 3*w - 40 = -h. What is the greatest common factor of w and 11?
11
Let x(a) = -a**2 - 3*a + 8. Let y be x(-4). Suppose -4*l + 20 = 4*p, p - 2*l = -4*l. Calculate the highest common divisor of p and y.
2
Let l(k) = k**3 + 11*k**2 - 18*k - 6. Let o be l(-12). Let q = o - -77. Suppose -31 = -2*r - 5. What is the greatest common factor of r and q?
13
Suppose -2*k + 0*k - 3*u + 15 = 0, -15 = 3*k - 3*u. Suppose k = y - 5*y + 168. Suppose 3*g - 12 - y = 0. What is the highest common factor of 6 and g?
6
Let f(g) = 4*g**2 + 2*g + 28. Let a be f(9). What is the greatest common divisor of a and 10?
10
Suppose 3*l = -3*r - 600, 3*l - 130 - 74 = r. Let b = -173 - r. What is the greatest common factor of 84 and b?
28
Let l be 10/(-38 + -2) - 771/(-12). What is the greatest common factor of l and 512?
64
Let h = 22 - 35. Let v be (h/52)/(1/(-164)). Calculate the greatest common divisor of 451 and v.
41
Suppose 2*w + 4 = -0. Let z = w + 14. What is the greatest common divisor of z and 24?
12
Let x(g) = -4*g**2 + 34*g - 1. Let c be x(8). Calculate the greatest common factor of 435 and c.
15
Let g = 316 - 97. Suppose 5*d - q - 2*q = 600, -2*d = 3*q - g. Calculate the greatest common divisor of d and 13.
13
Let x = -1426 - -1450. What is the greatest common divisor of x and 376?
8
Let o be 0 - (169/(-1) + -3). Suppose -5*n = -3*n - o. Let y = n - 31. What is the highest common divisor of y and 5?
5
Let j(w) = w**2 + 8*w + 6. Let p be j(-8). Let f = 15 - p. Suppose b - 11 = f. Calculate the greatest common divisor of b and 50.
10
Let k be -1 - 0 - 2/1. Let a(v) = v - 18. Let g be a(7). Let u be (k + 4)/((-1)/g). What is the highest common factor of 121 and u?
11
Let v(z) = 49*z + 17. Let m be v(1). Let k be (-200)/(-6) + 2/(-6). What is the greatest common divisor of k and m?
33
Let y = 556 - 227. Suppose 10*d - y = 31. What is the greatest common divisor of 4 and d?
4
Let b be ((-2945)/(-57))/((-4)/(-12)). Calculate the greatest common factor of b and 93.
31
Let q(i) = 3*i**2 - i**2 + 5*i**2 + 12 + i**3 - 2*i**2. Let r be q(-5). What is the greatest common divisor of 96 and r?
12
Suppose u - 3*c = 24, 3*c - 96 = -4*u + c. Suppose -3*k = 5*s - 43, -4*k + s + 109 = 90. What is the highest common factor of u and k?
6
Let f(m) = 18*m**2 - 57*m + 106. Let n be f(2). Calculate the highest common factor of n and 1984.
64
Suppose 18*v - 768 = -6*v. Suppose -30 = -5*m - 5*t, 10 - 2 = 3*m - 2*t. What is the greatest common factor of m and v?
4
Let g = 145 - 138. What is the highest common factor of g and 7?
7
Let h be (-84)/56 - 147/(-2). What is the greatest common factor of h and 234?
18
Suppose -7*c - 3*h + 4623 = -2*c, 4627 = 5*c + 2*h. Calculate the greatest common factor of c and 9.
9
Let r = -50 - -12. Let f = -22 - r. Let v be 4/(-24) - 1538/(-12). Calculate the greatest common divisor of v and f.
16
Let t(b) = -32*b - 607. Let u be t(-19). Suppose 0*j = j + 2. Let l = j + 13. Calculate the highest common factor of l and u.
1
Suppose -3*k - 2*k - 3*h = -102, -4*k + h + 68 = 0. Calculate the greatest common factor of 243 and k.
9
Suppose 0 = 7*r - 4*r - 108. Suppose 11*l - 20 = 6*l. Calculate the greatest common factor of r and l.
4
Let h(z) = -z**2 + 3*z + 56. Let b be h(8). Calculate the highest common factor of b and 112.
16
Suppose 5*i - v - 1421 = 990, -2*i = v - 970. What is the greatest common factor of 69 and i?
69
Suppose -3*i + 9 - 3 = 0. Suppose 7 + 41 = i*r. Calculate the highest common divisor of r and 36.
12
Let h(w) = w**2 - 2*w - 6. Let r be h(6). Let k be 64*(-3)/r*-3. Let z = -17 + k. Calculate the highest common factor of 15 and z.
15
Let b(d) = 7*d**2 + 4*d**3 - 3*d**3 - 14*d**2 - 5*d - 17. Let w be b(8). What is the greatest common divisor of 28 and w?
7
Suppose 2*p + 90 = 5*j + 5*p, 0 = -3*p. Let z be ((-24)/j)/((-4)/(-6)). Let g be z/10 + (-678)/(-15). Calculate the highest common factor of 18 and g.
9
Let b(d) = 5*d**2 + 25*d. Let x be b(9). What is the greatest common divisor of x and 9?
9
Let m(o) = o**2 - 4*o + 3. Let r be m(3). Suppose 0 = -4*p - r*p + 132. Suppose a = 3*a - 44. Calculate the highest common divisor of a and p.
11
Suppose 2*n = 4*m + 20, -2*n - 2*m - 14 = -4*n. Let r(y) = -y**3 + 4*y**2 + 2. Let h be r(n). What is the greatest common divisor of h and 18?
2
Suppose -2*u + 2 = s, -3*u + 1 = 7. Suppose s*b - 10 = b. Suppose -q = 4*k - 138, 4*q = b*k + q - 62. What is the highest common factor of k and 170?
34
Let y be 90/4*-3*(-32)/24. Calculate the greatest common divisor of 9 and y.
9
Suppose o = 49 - 4. Let q(j) = 3*j - 39. Let a = 33 - 17. Let s be q(a). Calculate the highest common divisor of s and o.
9
Suppose -11*a + 420 = -5*a. Let c = a - 20. Suppose 3 - 83 = -4*j. What is the highest common factor of c and j?
10
Let d be 5*24/(-30) + (-288)/(-2). What is the highest common factor of d and 4?
4
Suppose 0 = -0*t - 5*t - 1005. Let u = t + 117. Let q = u - -128. What is the greatest common divisor of 4 and q?
4
Let n be 2850/10 - 28/4. What is the greatest common factor of 2 and n?
2
Let